*2 + 4*p - 1. Let r be g(6). What is the greatest common factor of r and 92?
23
Suppose 0 = l - 3*k - 34, -k + 152 = 4*l + 3*k. Let i = l - 25. Calculate the highest common divisor of i and 132.
12
Let v be 10 - (40/8 - (3 - 1)). Calculate the highest common factor of v and 7.
7
Let o be 98/10 + (-8)/(-40). Suppose -5*u - 11 = -5*h + 19, 3*u - o = -h. What is the highest common factor of h and 28?
7
Let q(z) = -z**3 - 3*z**2 + z + 6. Let k be q(-3). Suppose -k*n = -3*r + 4*r - 109, -r = -5*n + 195. Calculate the greatest common divisor of 57 and n.
19
Let c(z) = 7*z + 1. Let m be c(1). Let b be 119/3 - (-2 + (-30)/(-18)). What is the greatest common divisor of m and b?
8
Let g be (-9 + 2)*(-30)/7. What is the greatest common divisor of g and 10?
10
Let v be ((-4)/8*6)/(-1). Suppose -3*t + 40 + 58 = 4*y, 3*y - 96 = -v*t. What is the highest common divisor of t and 210?
30
Suppose -21 - 114 = -3*m. Calculate the greatest common factor of 36 and m.
9
Suppose 5*l + 52 = 332. Let k be -3*(3 + (-80)/15). What is the highest common factor of k and l?
7
Let l(w) = -w**2 + 6*w + 2. Let q be l(6). Calculate the highest common factor of q and 2.
2
Let o = 4 - -5. Suppose 62 + 1 = j. Calculate the highest common factor of o and j.
9
Suppose -7*f = 3*f - 480. Calculate the greatest common factor of f and 528.
48
Suppose -20 = 5*d, 5*d = -2*b + 2*d + 738. What is the greatest common divisor of 15 and b?
15
Suppose 0 = -6*z + 5*z + 117. What is the highest common divisor of 26 and z?
13
Let p = 11 - -4. Let u = -52 - -94. Suppose 3*c = p + u. Calculate the greatest common divisor of 95 and c.
19
Suppose 5*y = 3*y - 20. Let t(j) = -j - 7. Let i be t(y). Let w be 3 - (-1 - (i + -2)). What is the greatest common divisor of w and 45?
5
Let f = -13 + 41. Calculate the highest common factor of f and 14.
14
Suppose -2*s = -3*s - 9. Let o = s + 15. Let r be (-26)/(-6) - (-4)/o. What is the highest common factor of 5 and r?
5
Let b(f) = -12*f + 6. Let k be b(-4). What is the greatest common divisor of k and 36?
18
Let z be (108 - -3)/3 + -1. What is the greatest common factor of z and 90?
18
Let q = 3 - 1. Let u be 48/q - (2 - 0). Calculate the highest common factor of u and 55.
11
Let r be 19/1 + (12 - 11). What is the greatest common divisor of r and 340?
20
Let y(z) = z**3 - 8*z**2 + 4*z - 12. Let w be y(8). What is the greatest common divisor of w and 4?
4
Suppose 47 = 6*j + 29. Calculate the greatest common divisor of 3 and j.
3
Suppose -801 = 4*o + 3*z, -3*o + 2*o - 2*z - 199 = 0. Let t = 77 - -304. Let g = o + t. What is the greatest common factor of 20 and g?
20
Let p = 6 + -4. Suppose 2*l = -p*u + 32, -5*l + 59 = 4*u - 2*l. What is the highest common factor of 22 and u?
11
Suppose 0 = 2*m - 3*k - 22, -24 = -3*m - m + k. What is the highest common divisor of m and 85?
5
Let r be 6/(-15) - (-34)/10. Let h = -1 + r. Suppose w - 106 = -w - h*b, 0 = -2*w + 3*b + 91. What is the greatest common divisor of 10 and w?
10
Let a(k) = k**2 + k + 4. Let w be a(0). What is the greatest common divisor of w and 2?
2
Suppose 0 = 2*p - 5 - 7. What is the highest common factor of 6 and p?
6
Let k(j) = j**2 - 5*j + 2. Let a be k(5). Suppose 0 = 2*v - 3*h - 7, -a*h = 3*v + 2*h - 19. Calculate the greatest common divisor of v and 20.
5
Suppose -3*n = -849 + 201. What is the greatest common divisor of n and 27?
27
Suppose 0 = -h + 5 - 0. Suppose -4*b = 5*f - 48, -4*b = -h*f - 10 - 38. What is the highest common divisor of 6 and b?
6
Let a be -7*((-4)/(-2))/(-2). Suppose 4*l + 12 = a*l. Let z be (6/(-10))/(l/(-40)). What is the greatest common divisor of z and 2?
2
Let l = 146 + -120. Calculate the greatest common divisor of 65 and l.
13
Suppose -u + 3*u = -2. Let n be (9/(-6) - u)*-106. Let v = n + -37. What is the highest common divisor of 16 and v?
16
Let t(l) = l**2 + 16*l + 5. Let f be t(-17). What is the highest common divisor of 77 and f?
11
Let m(f) = -f**3 + 10*f**2 - f + 13. Let s be m(10). Suppose -a = -s*a + 462. What is the greatest common divisor of a and 21?
21
Let i(r) = -4*r**3 + r**2 + 2. Let a be i(4). Let v be 1/4 - a/8. Let n be 13*1/1 - 3. What is the greatest common factor of n and v?
10
Let f(b) = -19*b + 2. Let i be f(-2). Suppose 5*j = -15, -3 = -2*h + h - 2*j. Suppose h*u = 6*u + 15. Calculate the highest common factor of u and i.
5
Let f = -62 + 126. Calculate the highest common factor of f and 8.
8
Suppose 5*r + 0*r = -15. Let s be 0 + 0 - (r + -87). Let u be ((-18)/(-5))/(6/15). Calculate the highest common factor of u and s.
9
Suppose -3*w = 2*w - 220. Suppose -2*m + 5*u = -28, 60 = 5*m - 3*u - 48. Let j = w - m. What is the highest common factor of 4 and j?
4
Let d(c) = c**2 + 8. Let p be d(-6). Suppose 0 = -2*f - 2*g + 24, 4*g + 0*g + 51 = 5*f. Calculate the greatest common factor of p and f.
11
Suppose 0 = -11*a + 16*a - 440. Calculate the greatest common divisor of a and 8.
8
Suppose 0 = -6*c - 429 + 2409. What is the highest common divisor of 30 and c?
30
Let r(g) = 56*g. Let b be 2*3/(-6)*-1. Let p be r(b). Calculate the highest common divisor of 7 and p.
7
Suppose -t = -3, 340 - 52 = 5*p - 4*t. Suppose 0 = -2*v - 2*v + p. Suppose 14 = 3*g + 5. What is the highest common factor of v and g?
3
Let z(a) be the second derivative of 5*a**3/3 - 2*a**2 + 8*a. Let n be z(2). Calculate the greatest common divisor of n and 2.
2
Let k be 3*1/3 + 2. Let t(l) = 5*l**3 - 5*l**2 + 2*l. Let a be t(k). Calculate the highest common factor of a and 12.
12
Let b(a) = 14*a**3 - 6*a + 5. Let k be b(2). Calculate the greatest common factor of 42 and k.
21
Suppose 0 = 2*k - k. Suppose 5*q + k*q - 200 = 5*s, -105 = -2*q - 3*s. Let c = -10 + 28. Calculate the greatest common factor of c and q.
9
Let w be ((-102)/(-85))/((-1)/(-5)). Let r = -13 + 22. What is the highest common factor of r and w?
3
Let a(l) = -l**3 + 2*l**2. Let p be a(2). Suppose p = -m - 2*m + 24. Calculate the greatest common divisor of m and 88.
8
Let n be (-23 + -89)*(-9)/6. Let w be 20 + (1 - 0/(-1)). What is the highest common factor of w and n?
21
Let g = 34 + -16. Calculate the greatest common divisor of 36 and g.
18
Suppose -16 = -13*a + 9*a. Suppose -2*r + a*r = 162. What is the greatest common divisor of 9 and r?
9
Let u(w) = -w**2 - 8*w + 3. Let h be u(-8). Let t be (6*1/2)/h. Calculate the highest common divisor of t and 3.
1
Suppose 4*z = -z + 60. Suppose -2*k = -0*k + 2*a - 200, k - 2*a - 88 = 0. What is the greatest common factor of z and k?
12
Let f = 8 + 0. What is the highest common divisor of f and 112?
8
Let j be (-22)/(-4) + 7/(-14). Calculate the highest common divisor of j and 1.
1
Suppose -2*z - 3*g = 2*z - 60, -3*z + 16 = -5*g. Suppose 0 = -z*j + 8*j + 128. Calculate the greatest common factor of j and 4.
4
Let z be (-4 - 2/(-1)) + 5. What is the highest common factor of z and 30?
3
Let z be ((-4)/3)/((-4)/18). Suppose 4*b = 5 + 23. Suppose 0 = t + 2*m - b, t - 3 = m - 4*m. What is the greatest common factor of t and z?
3
Let w(r) = -r + 32. Let l be w(14). Calculate the greatest common divisor of l and 54.
18
Let w = -21 + 15. Let y = 26 + w. Let p be ((-5)/(-2))/((-1)/(-8)). Calculate the highest common divisor of p and y.
20
Let f(p) = -9*p + 30. Let q be f(-6). Calculate the greatest common divisor of q and 12.
12
Suppose x + 1 = 3. Let k(c) = -c**x - 3*c - 3 - 4*c + 0*c. Let z be k(-6). What is the greatest common factor of z and 3?
3
Suppose -2*d = 2*d - 100. Suppose -4*s + 61 = -p + 6*p, 3*p = 2*s - d. What is the highest common divisor of 28 and s?
14
Let h(m) = 4*m**2 + 2*m + 1. Let b be h(-2). Suppose 3*d - 278 = b. Let j = -1 + d. Calculate the highest common factor of 12 and j.
12
Let y = -1 + 3. Suppose -7*k + 135 = -y*k. What is the highest common factor of k and 9?
9
Suppose -d = 4*c - 32, -2*c + 58 = 4*d - 0*c. Let m(t) = t**2 - 11*t - 1. Let v be m(d). What is the greatest common factor of 88 and v?
11
Let t be 2 + 0 + -3 - -10. Let q be -3*((-51)/t - 1). Calculate the highest common divisor of 220 and q.
20
Let y(l) = -4*l - 2. Let c be y(-2). Suppose 0 = 3*t - c. Suppose t*g - 9 = g. What is the greatest common factor of 18 and g?
9
Let v = 10 + 10. Let r be (v/(-1))/((-8)/36). What is the highest common factor of r and 10?
10
Suppose -6*h + 100 = -8*h. Le